{"id":308,"date":"2026-02-12T09:27:07","date_gmt":"2026-02-12T08:27:07","guid":{"rendered":"https:\/\/huvona.wenco.tech\/?page_id=308"},"modified":"2026-03-25T12:02:52","modified_gmt":"2026-03-25T11:02:52","slug":"warum-frische-ernaehrung","status":"publish","type":"page","link":"https:\/\/huvona.wenco.tech\/index.php\/warum-frische-ernaehrung\/","title":{"rendered":"Warum frische Ern\u00e4hrung?"},"content":{"rendered":"\t\t<div data-elementor-type=\"wp-page\" data-elementor-id=\"308\" class=\"elementor elementor-308\">\n\t\t\t\t<div class=\"elementor-element elementor-element-3ae29d4b e-flex e-con-boxed e-con e-parent\" data-id=\"3ae29d4b\" data-element_type=\"container\" data-e-type=\"container\" id=\"services\" data-settings=\"{&quot;background_background&quot;:&quot;classic&quot;}\">\n\t\t\t\t\t<div class=\"e-con-inner\">\n\t\t<div class=\"elementor-element elementor-element-1ccfc386 e-con-full e-flex e-con e-child\" data-id=\"1ccfc386\" data-element_type=\"container\" data-e-type=\"container\" data-settings=\"{&quot;background_background&quot;:&quot;gradient&quot;}\">\n\t\t\t\t<div class=\"elementor-element elementor-element-56972297 elementor-widget elementor-widget-text-editor\" data-id=\"56972297\" data-element_type=\"widget\" data-e-type=\"widget\" data-widget_type=\"text-editor.default\">\n\t\t\t\t\t\t\t\t\t<h1 style=\"text-align: center;\"><\/h1>\n<p class=\"has-text-align-center\" style=\"font-size: 21px;\">\u00a0<\/p>\n<h1 style=\"text-align: center;\"><span style=\"color: #000000;\"><\/span><\/h1>\n<h2 class=\"wp-block-heading has-text-align-center\" style=\"text-decoration: underline;\"><span style=\"color: #000000; text-decoration: underline;\">Nat\u00fcrliche Ern\u00e4hrung f\u00fcr mehr Gesundheit und Wohlbefinden<\/span><\/h2>\n<h1 style=\"text-align: center;\"><span style=\"color: #000000;\"><\/span><\/h1>\n<div class=\"wp-block-spacer\" style=\"height: 55px;\" aria-hidden=\"true\">\u00a0<\/div>\n<h1 style=\"text-align: center;\"><span style=\"color: #000000;\"><\/span><\/h1>\n<p class=\"has-text-align-center has-black-color has-text-color has-link-color wp-elements-9bb55f7b7029c8072471b4969d1b38a5\" style=\"font-size: 21px;\"><span style=\"color: #000000;\"><strong>Frische Tiernahrung unterst\u00fctzt eine ausgewogene, nat\u00fcrliche Ern\u00e4hrung und kann das Wohlbefinden Ihres Tieres nachhaltig verbessern. Durch hochwertige Zutaten und individuelle Zusammensetzungen erh\u00e4lt Ihr Tier genau das, was es wirklich braucht \u2013 ohne unn\u00f6tige Zusatzstoffe oder industrielle Verarbeitung.<\/strong><\/span><\/p>\n<h1 style=\"text-align: center;\"><span style=\"color: #000000;\"><\/span><\/h1>\n<div class=\"wp-block-spacer\" style=\"height: 54px;\" aria-hidden=\"true\">\u00a0<\/div>\n<h1 style=\"text-align: center;\"><span style=\"color: #000000;\"><\/span><\/h1>\n<h2 class=\"wp-block-heading has-text-align-center\" style=\"text-decoration: underline;\"><span style=\"color: #000000; text-decoration: underline;\">Vorteile<\/span><\/h2>\n<h1 style=\"text-align: center;\"><span style=\"color: #000000;\"><\/span><\/h1>\n<div class=\"wp-block-spacer\" style=\"height: 62px;\" aria-hidden=\"true\">\u00a0<\/div>\n<h1 style=\"text-align: center;\"><span style=\"color: #000000;\"><\/span><\/h1>\n<p class=\"has-text-align-center has-text-color has-link-color wp-elements-4fcf12dec21abe226104e4d7674b99ba\" style=\"color: #02d005; font-size: 21px;\"><span style=\"color: #000000;\"><strong>\u2714 unterst\u00fctzt eine gesunde Verdauung<br \/>\u2714 kann Allergien und Unvertr\u00e4glichkeiten ber\u00fccksichtigen<br \/>\u2714 sorgt f\u00fcr hohe Akzeptanz beim Tier<br \/>\u2714 unterst\u00fctzt Energie, Vitalit\u00e4t und Wohlbefinden<br \/>\u2714 individuell anpassbar an Alter und Aktivit\u00e4t<br \/>\u2714 nat\u00fcrliche N\u00e4hrstoffversorgung ohne k\u00fcnstliche Zus\u00e4tze<\/strong><\/span><\/p>\n<h1 style=\"text-align: center;\"><span style=\"color: #000000;\"><\/span><\/h1>\n<div class=\"wp-block-spacer\" style=\"height: 51px;\" aria-hidden=\"true\">\u00a0<\/div>\n<div aria-hidden=\"true\">\u00a0<\/div>\n<div aria-hidden=\"true\">\u00a0<\/div>\n<div aria-hidden=\"true\">\u00a0<\/div>\n<div aria-hidden=\"true\">\u00a0<\/div>\n<div aria-hidden=\"true\">\u00a0<\/div>\n<div aria-hidden=\"true\">\u00a0<\/div>\n<div aria-hidden=\"true\">\u00a0<\/div>\n<div aria-hidden=\"true\">\u00a0<\/div>\n<div aria-hidden=\"true\">\u00a0<\/div>\n<div aria-hidden=\"true\">\u00a0<\/div>\n<h1 style=\"text-align: center;\"><span style=\"color: #000000;\"><\/span><\/h1>\n<h2 class=\"wp-block-heading has-text-align-center\" style=\"text-decoration: underline;\"><span style=\"color: #000000; text-decoration: underline;\">BARF \u2013 individuell auf Ihr Tier abgestimmt<\/span><\/h2>\n<h1 style=\"text-align: center;\"><span style=\"color: #000000;\"><\/span><\/h1>\n<div class=\"wp-block-spacer\" style=\"height: 40px;\" aria-hidden=\"true\">\u00a0<\/div>\n<h1 style=\"text-align: center;\"><span style=\"color: #000000;\"><\/span><\/h1>\n<p class=\"has-text-align-center\" style=\"font-size: 21px;\"><span style=\"color: #000000;\"><strong>Wir stellen BARF-Mahlzeiten exakt nach Ihren Vorgaben oder Ern\u00e4hrungspl\u00e4nen zusammen.<br \/>Dabei ber\u00fccksichtigen wir:<\/strong><\/span><\/p>\n<h1 style=\"text-align: center;\"><span style=\"color: #000000;\"><\/span><\/h1>\n<div class=\"wp-block-spacer\" style=\"height: 43px;\" aria-hidden=\"true\">\u00a0<\/div>\n<h1 style=\"text-align: center;\"><span style=\"color: #000000;\"><\/span><\/h1>\n<p class=\"has-text-align-center has-text-color has-link-color wp-elements-59f6361e65c67dfd1c764c9f8de7a8d2\" style=\"color: #02d005; font-size: 21px;\"><span style=\"color: #000000;\"><strong>\u2714 Alter und Gewicht<br \/>\u2714 Aktivit\u00e4tslevel<br \/>\u2714 gesundheitliche Besonderheiten<br \/>\u2714 Allergien oder Unvertr\u00e4glichkeiten<br \/>\u2714 individuelle Mischungsverh\u00e4ltnisse<br \/><\/strong><\/span><\/p>\n<h1 style=\"text-align: center;\"><span style=\"color: #000000;\"><\/span><\/h1>\n<div class=\"wp-block-spacer\" style=\"height: 38px;\" aria-hidden=\"true\">\u00a0<\/div>\n<h1 style=\"text-align: center;\"><span style=\"color: #000000;\"><\/span><\/h1>\n<p class=\"has-text-align-center has-text-color has-link-color wp-elements-081bc41060977b61c4995a71c308be1b\" style=\"color: #e9ab00; font-size: 26px; text-decoration: underline;\"><span style=\"color: #000000; text-decoration: underline;\"><strong>So erh\u00e4lt Ihr Tier eine Ern\u00e4hrung, die wirklich passt.<\/strong><\/span><\/p>\n<h1 style=\"text-align: center;\"><span style=\"color: #000000;\"><\/span><\/h1>\n<p>\u00a0<\/p>\n<h1 style=\"text-align: center;\"><\/h1>\t\t\t\t\t\t\t\t<\/div>\n\t\t\t\t<div class=\"elementor-element elementor-element-6b24a664 elementor-align-center animated-slow elementor-invisible elementor-widget elementor-widget-button\" data-id=\"6b24a664\" data-element_type=\"widget\" data-e-type=\"widget\" data-settings=\"{&quot;_animation&quot;:&quot;swing&quot;,&quot;_animation_delay&quot;:0}\" data-widget_type=\"button.default\">\n\t\t\t\t\t\t\t\t\t\t<a class=\"elementor-button elementor-button-link elementor-size-sm elementor-animation-grow\" href=\"https:\/\/huvona.wenco.tech\/index.php\/kontakt\/\">\n\t\t\t\t\t\t<span class=\"elementor-button-content-wrapper\">\n\t\t\t\t\t\t\t\t\t<span class=\"elementor-button-text\">Kontakt ...<\/span>\n\t\t\t\t\t<\/span>\n\t\t\t\t\t<\/a>\n\t\t\t\t\t\t\t\t<\/div>\n\t\t\t\t<\/div>\n\t\t\t\t\t<\/div>\n\t\t\t\t<\/div>\n\t\t\t\t<\/div>\n\t\t","protected":false},"excerpt":{"rendered":"<p>\u00a0 Nat\u00fcrliche Ern\u00e4hrung f\u00fcr mehr Gesundheit und Wohlbefinden Frische Tiernahrung unterst\u00fctzt eine ausgewogene, nat\u00fcrliche Ern\u00e4hrung und kann das Wohlbefinden Ihres Tieres nachhaltig verbessern. Durch hochwertige Zutaten und individuelle Zusammensetzungen erh\u00e4lt Ihr Tier genau das, was es wirklich braucht \u2013 ohne unn\u00f6tige Zusatzstoffe oder industrielle Verarbeitung. Vorteile \u2714 unterst\u00fctzt eine gesunde Verdauung\u2714 kann Allergien und Unvertr\u00e4glichkeiten [&hellip;]<\/p>\n","protected":false},"author":1,"featured_media":0,"parent":0,"menu_order":0,"comment_status":"closed","ping_status":"closed","template":"","meta":{"footnotes":""},"class_list":["post-308","page","type-page","status-publish","hentry"],"yoast_head":"<!-- This site is optimized with the Yoast SEO plugin v27.4 - https:\/\/yoast.com\/product\/yoast-seo-wordpress\/ -->\n<title>Warum frische Ern\u00e4hrung? - Huvona Tierfutter Service<\/title>\n<meta name=\"robots\" content=\"index, follow, max-snippet:-1, max-image-preview:large, max-video-preview:-1\" \/>\n<link rel=\"canonical\" href=\"https:\/\/huvona.wenco.tech\/index.php\/warum-frische-ernaehrung\/\" \/>\n<meta property=\"og:locale\" content=\"de_DE\" \/>\n<meta property=\"og:type\" content=\"article\" \/>\n<meta property=\"og:title\" content=\"Warum frische Ern\u00e4hrung? - Huvona Tierfutter Service\" \/>\n<meta property=\"og:description\" content=\"\u00a0 Nat\u00fcrliche Ern\u00e4hrung f\u00fcr mehr Gesundheit und Wohlbefinden Frische Tiernahrung unterst\u00fctzt eine ausgewogene, nat\u00fcrliche Ern\u00e4hrung und kann das Wohlbefinden Ihres Tieres nachhaltig verbessern. Durch hochwertige Zutaten und individuelle Zusammensetzungen erh\u00e4lt Ihr Tier genau das, was es wirklich braucht \u2013 ohne unn\u00f6tige Zusatzstoffe oder industrielle Verarbeitung. Vorteile \u2714 unterst\u00fctzt eine gesunde Verdauung\u2714 kann Allergien und Unvertr\u00e4glichkeiten [&hellip;]\" \/>\n<meta property=\"og:url\" content=\"https:\/\/huvona.wenco.tech\/index.php\/warum-frische-ernaehrung\/\" \/>\n<meta property=\"og:site_name\" content=\"Huvona Tierfutter Service\" \/>\n<meta property=\"article:modified_time\" content=\"2026-03-25T11:02:52+00:00\" \/>\n<meta name=\"twitter:card\" content=\"summary_large_image\" \/>\n<meta name=\"twitter:label1\" content=\"Gesch\u00e4tzte Lesezeit\" \/>\n\t<meta name=\"twitter:data1\" content=\"3\u00a0Minuten\" \/>\n<script type=\"application\/ld+json\" class=\"yoast-schema-graph\">{\"@context\":\"https:\\\/\\\/schema.org\",\"@graph\":[{\"@type\":\"WebPage\",\"@id\":\"https:\\\/\\\/huvona.wenco.tech\\\/index.php\\\/warum-frische-ernaehrung\\\/\",\"url\":\"https:\\\/\\\/huvona.wenco.tech\\\/index.php\\\/warum-frische-ernaehrung\\\/\",\"name\":\"Warum frische Ern\u00e4hrung? - Huvona Tierfutter Service\",\"isPartOf\":{\"@id\":\"https:\\\/\\\/huvona.wenco.tech\\\/#website\"},\"datePublished\":\"2026-02-12T08:27:07+00:00\",\"dateModified\":\"2026-03-25T11:02:52+00:00\",\"breadcrumb\":{\"@id\":\"https:\\\/\\\/huvona.wenco.tech\\\/index.php\\\/warum-frische-ernaehrung\\\/#breadcrumb\"},\"inLanguage\":\"de\",\"potentialAction\":[{\"@type\":\"ReadAction\",\"target\":[\"https:\\\/\\\/huvona.wenco.tech\\\/index.php\\\/warum-frische-ernaehrung\\\/\"]}]},{\"@type\":\"BreadcrumbList\",\"@id\":\"https:\\\/\\\/huvona.wenco.tech\\\/index.php\\\/warum-frische-ernaehrung\\\/#breadcrumb\",\"itemListElement\":[{\"@type\":\"ListItem\",\"position\":1,\"name\":\"Start\",\"item\":\"https:\\\/\\\/huvona.wenco.tech\\\/\"},{\"@type\":\"ListItem\",\"position\":2,\"name\":\"Warum frische Ern\u00e4hrung?\"}]},{\"@type\":\"WebSite\",\"@id\":\"https:\\\/\\\/huvona.wenco.tech\\\/#website\",\"url\":\"https:\\\/\\\/huvona.wenco.tech\\\/\",\"name\":\"Huvona Tierfutter Service\",\"description\":\"Die Manufaktur f\u00fcr Tiernahrung\",\"publisher\":{\"@id\":\"https:\\\/\\\/huvona.wenco.tech\\\/#organization\"},\"potentialAction\":[{\"@type\":\"SearchAction\",\"target\":{\"@type\":\"EntryPoint\",\"urlTemplate\":\"https:\\\/\\\/huvona.wenco.tech\\\/?s={search_term_string}\"},\"query-input\":{\"@type\":\"PropertyValueSpecification\",\"valueRequired\":true,\"valueName\":\"search_term_string\"}}],\"inLanguage\":\"de\"},{\"@type\":\"Organization\",\"@id\":\"https:\\\/\\\/huvona.wenco.tech\\\/#organization\",\"name\":\"Huvona Tierfutter Service\",\"url\":\"https:\\\/\\\/huvona.wenco.tech\\\/\",\"logo\":{\"@type\":\"ImageObject\",\"inLanguage\":\"de\",\"@id\":\"https:\\\/\\\/huvona.wenco.tech\\\/#\\\/schema\\\/logo\\\/image\\\/\",\"url\":\"https:\\\/\\\/huvona.wenco.tech\\\/wp-content\\\/uploads\\\/2026\\\/01\\\/cropped-cropped-cropped-cropped-7e83b2cd-222d-4d67-9bf6-40df4c32457b.jpg\",\"contentUrl\":\"https:\\\/\\\/huvona.wenco.tech\\\/wp-content\\\/uploads\\\/2026\\\/01\\\/cropped-cropped-cropped-cropped-7e83b2cd-222d-4d67-9bf6-40df4c32457b.jpg\",\"width\":512,\"height\":512,\"caption\":\"Huvona Tierfutter Service\"},\"image\":{\"@id\":\"https:\\\/\\\/huvona.wenco.tech\\\/#\\\/schema\\\/logo\\\/image\\\/\"}}]}<\/script>\n<!-- \/ Yoast SEO plugin. -->","yoast_head_json":{"title":"Warum frische Ern\u00e4hrung? - Huvona Tierfutter Service","robots":{"index":"index","follow":"follow","max-snippet":"max-snippet:-1","max-image-preview":"max-image-preview:large","max-video-preview":"max-video-preview:-1"},"canonical":"https:\/\/huvona.wenco.tech\/index.php\/warum-frische-ernaehrung\/","og_locale":"de_DE","og_type":"article","og_title":"Warum frische Ern\u00e4hrung? - Huvona Tierfutter Service","og_description":"\u00a0 Nat\u00fcrliche Ern\u00e4hrung f\u00fcr mehr Gesundheit und Wohlbefinden Frische Tiernahrung unterst\u00fctzt eine ausgewogene, nat\u00fcrliche Ern\u00e4hrung und kann das Wohlbefinden Ihres Tieres nachhaltig verbessern. Durch hochwertige Zutaten und individuelle Zusammensetzungen erh\u00e4lt Ihr Tier genau das, was es wirklich braucht \u2013 ohne unn\u00f6tige Zusatzstoffe oder industrielle Verarbeitung. Vorteile \u2714 unterst\u00fctzt eine gesunde Verdauung\u2714 kann Allergien und Unvertr\u00e4glichkeiten [&hellip;]","og_url":"https:\/\/huvona.wenco.tech\/index.php\/warum-frische-ernaehrung\/","og_site_name":"Huvona Tierfutter Service","article_modified_time":"2026-03-25T11:02:52+00:00","twitter_card":"summary_large_image","twitter_misc":{"Gesch\u00e4tzte Lesezeit":"3\u00a0Minuten"},"schema":{"@context":"https:\/\/schema.org","@graph":[{"@type":"WebPage","@id":"https:\/\/huvona.wenco.tech\/index.php\/warum-frische-ernaehrung\/","url":"https:\/\/huvona.wenco.tech\/index.php\/warum-frische-ernaehrung\/","name":"Warum frische Ern\u00e4hrung? - Huvona Tierfutter Service","isPartOf":{"@id":"https:\/\/huvona.wenco.tech\/#website"},"datePublished":"2026-02-12T08:27:07+00:00","dateModified":"2026-03-25T11:02:52+00:00","breadcrumb":{"@id":"https:\/\/huvona.wenco.tech\/index.php\/warum-frische-ernaehrung\/#breadcrumb"},"inLanguage":"de","potentialAction":[{"@type":"ReadAction","target":["https:\/\/huvona.wenco.tech\/index.php\/warum-frische-ernaehrung\/"]}]},{"@type":"BreadcrumbList","@id":"https:\/\/huvona.wenco.tech\/index.php\/warum-frische-ernaehrung\/#breadcrumb","itemListElement":[{"@type":"ListItem","position":1,"name":"Start","item":"https:\/\/huvona.wenco.tech\/"},{"@type":"ListItem","position":2,"name":"Warum frische Ern\u00e4hrung?"}]},{"@type":"WebSite","@id":"https:\/\/huvona.wenco.tech\/#website","url":"https:\/\/huvona.wenco.tech\/","name":"Huvona Tierfutter Service","description":"Die Manufaktur f\u00fcr Tiernahrung","publisher":{"@id":"https:\/\/huvona.wenco.tech\/#organization"},"potentialAction":[{"@type":"SearchAction","target":{"@type":"EntryPoint","urlTemplate":"https:\/\/huvona.wenco.tech\/?s={search_term_string}"},"query-input":{"@type":"PropertyValueSpecification","valueRequired":true,"valueName":"search_term_string"}}],"inLanguage":"de"},{"@type":"Organization","@id":"https:\/\/huvona.wenco.tech\/#organization","name":"Huvona Tierfutter Service","url":"https:\/\/huvona.wenco.tech\/","logo":{"@type":"ImageObject","inLanguage":"de","@id":"https:\/\/huvona.wenco.tech\/#\/schema\/logo\/image\/","url":"https:\/\/huvona.wenco.tech\/wp-content\/uploads\/2026\/01\/cropped-cropped-cropped-cropped-7e83b2cd-222d-4d67-9bf6-40df4c32457b.jpg","contentUrl":"https:\/\/huvona.wenco.tech\/wp-content\/uploads\/2026\/01\/cropped-cropped-cropped-cropped-7e83b2cd-222d-4d67-9bf6-40df4c32457b.jpg","width":512,"height":512,"caption":"Huvona Tierfutter Service"},"image":{"@id":"https:\/\/huvona.wenco.tech\/#\/schema\/logo\/image\/"}}]}},"_links":{"self":[{"href":"https:\/\/huvona.wenco.tech\/index.php\/wp-json\/wp\/v2\/pages\/308","targetHints":{"allow":["GET"]}}],"collection":[{"href":"https:\/\/huvona.wenco.tech\/index.php\/wp-json\/wp\/v2\/pages"}],"about":[{"href":"https:\/\/huvona.wenco.tech\/index.php\/wp-json\/wp\/v2\/types\/page"}],"author":[{"embeddable":true,"href":"https:\/\/huvona.wenco.tech\/index.php\/wp-json\/wp\/v2\/users\/1"}],"replies":[{"embeddable":true,"href":"https:\/\/huvona.wenco.tech\/index.php\/wp-json\/wp\/v2\/comments?post=308"}],"version-history":[{"count":13,"href":"https:\/\/huvona.wenco.tech\/index.php\/wp-json\/wp\/v2\/pages\/308\/revisions"}],"predecessor-version":[{"id":757,"href":"https:\/\/huvona.wenco.tech\/index.php\/wp-json\/wp\/v2\/pages\/308\/revisions\/757"}],"wp:attachment":[{"href":"https:\/\/huvona.wenco.tech\/index.php\/wp-json\/wp\/v2\/media?parent=308"}],"curies":[{"name":"wp","href":"https:\/\/api.w.org\/{rel}","templated":true}]}}